of v and 36?
12
Let u(w) = -w**3 - 5*w**2 + 7*w + 9. Let i be u(-6). Suppose i*b - 12 = 18. What is the highest common divisor of b and 40?
10
Suppose -i - 3*d = -93, 21 - 9 = 4*d. Calculate the highest common factor of i and 12.
12
Suppose j = 4*g + 34 + 17, -5*j + 183 = -2*g. Suppose 4*c = 6 + 22. Let t be c/(4 + (1 - 4)). What is the greatest common divisor of t and j?
7
Suppose -3*p + p = 16. Let d be (-3)/4 + (-94)/p. What is the greatest common divisor of 1 and d?
1
Let i(j) = j**2 - 4. Let a be i(3). Suppose 0*r + a*r - 50 = 0. Calculate the highest common factor of r and 110.
10
Let f = 316 + -145. Calculate the highest common divisor of 9 and f.
9
Suppose 0*c + 2*c + 5*s - 20 = 0, 0 = 5*c + 2*s - 29. What is the highest common divisor of c and 35?
5
Let b be (104/3)/(4/12). Suppose -f = -b + 24. Let c be (0 - 20)*(-1)/2. What is the highest common divisor of f and c?
10
Suppose -3*l + 146 = -r, r + 0*r + 96 = 2*l. Calculate the greatest common factor of 25 and l.
25
Suppose 5*b - 5*v - 165 = 0, -4*b + 2*b + 5*v + 75 = 0. What is the greatest common factor of b and 20?
10
Let c = 30 + 38. Calculate the highest common factor of c and 51.
17
Suppose 5*w = -b - 7, 0*w - 19 = -5*b + 2*w. Let i = 86 + -121. Let s = i - -56. Calculate the highest common divisor of s and b.
3
Let i be (-60)/(4 - (-56)/(-12)). Let k be i/(4 - (-15)/(-6)). What is the highest common factor of k and 15?
15
Let n(j) = 20*j - 10. Let k be n(9). Calculate the greatest common factor of 68 and k.
34
Suppose 7*r - 2*r - 60 = 0. Suppose 96 + 240 = 4*b. What is the greatest common divisor of b and r?
12
Let b(t) = -t + 5. Let a be b(-8). Let g = a + -8. Suppose -2*c = -4*z - 110, z = -g*c + 5*z + 263. What is the greatest common divisor of 17 and c?
17
Suppose -u = 4*u - 4*d - 90, -3*d - 36 = -2*u. What is the highest common factor of 126 and u?
18
Suppose 5*d - 4*y + 3 = -y, -5*d - 4*y + 4 = 0. Suppose d = 5*g - 610 + 50. Suppose -6*n + 28 = -4*n. What is the highest common factor of g and n?
14
Suppose 0 = l + 2 - 1. Let r(d) = -15*d**3 - d**2 - 2*d - 1. Let a be r(l). What is the highest common factor of a and 30?
15
Suppose -5*f = -0*f - 5. Let y be 1/f*(-5 - -1). Let t be (1 - -1)/(y/(-18)). Calculate the greatest common factor of 6 and t.
3
Let l be -27*(-4)/24*2. Let h(k) = -8*k**3 + k**2 + k + 1. Let a be h(-1). What is the highest common factor of l and a?
9
Let x = 16 - -12. Calculate the greatest common factor of 70 and x.
14
Suppose 16*n + 63 = 19*n. What is the greatest common factor of 28 and n?
7
Let x be 681/45 - (-6)/(-45). What is the greatest common factor of x and 105?
15
Let i = 583 - 528. Let l(w) = -3*w**3 + w. Let r be l(-2). Calculate the greatest common factor of i and r.
11
Let b = -96 + 146. What is the greatest common divisor of b and 10?
10
Suppose 8*p + 87 = 807. What is the highest common factor of p and 60?
30
Suppose -z - 12 = 7*g - 3*g, 5*z + 3*g - 8 = 0. Suppose 2*o - z = -2. Let k be 9/(-6)*2/(-3). What is the greatest common divisor of k and o?
1
Suppose 25 = 2*b + 9. Let u(a) = 8*a**2 + 2*a**3 + 3*a + 8 - 3*a**3 + b*a. Let k be u(9). Calculate the greatest common factor of 39 and k.
13
Suppose r = -3*r + 4. Let z be 2/5*(109 + r). Let f be z/(12/(-7) - -2). Calculate the highest common factor of 14 and f.
14
Suppose -3*s = 2*s - 235. Calculate the greatest common divisor of s and 517.
47
Let w(k) = -35*k + 9. Let z be w(-3). Calculate the greatest common divisor of 19 and z.
19
Let u be (10 - 8) + 1 + -1. Suppose 0 = -0*y - y + 2. What is the greatest common divisor of y and u?
2
Let a = -5 + 5. Suppose -3*h = -a - 30. Let i be (4/h)/(1/50). Calculate the greatest common divisor of i and 4.
4
Let c(i) = -i + 3. Let s be c(-16). Calculate the greatest common factor of 19 and s.
19
Let a = 5 + 25. Calculate the greatest common divisor of a and 30.
30
Suppose -m + 22 - 1 = p, 3*m + 49 = 4*p. Calculate the highest common divisor of p and 12.
4
Suppose -7*t - 3*t + 1430 = 0. Calculate the highest common divisor of t and 13.
13
Let m(n) = 5*n + 3. Let r be m(5). Let l = -569 - -576. What is the highest common factor of r and l?
7
Let b be 700/15 - 1 - 2/3. What is the highest common factor of b and 360?
45
Let g = -95 + 107. What is the highest common divisor of 4 and g?
4
Suppose 4*z - 72 = 2*t, -88 + 32 = -3*z + 2*t. Let d be 188/z + (-1)/(-4). What is the greatest common divisor of d and 36?
12
Suppose 252 = 11*u + u. What is the highest common factor of 21 and u?
21
Suppose 0*z + z - 39 = 0. Calculate the greatest common divisor of z and 13.
13
Let b = -8 - -11. Let d = -68 - -70. Calculate the greatest common divisor of d and b.
1
Suppose 3*n - 429 = -4*y + 2*y, 4*n = y - 198. Suppose 7*m - 2*m + y = 0. Let a be 1*-3*m/9. What is the greatest common divisor of a and 154?
14
Let y(l) = l**2 - 8*l + 4. Let x be y(6). Let g be (-122)/x + 12/16. Suppose 2*i - i = g. What is the greatest common divisor of 8 and i?
8
Suppose -j = 4*v - 20 - 1, -2*j = -v - 6. Let u be (4*-5)/(-2)*2. Calculate the highest common divisor of u and j.
5
Let z = -160 + 286. Let h = 52 - 31. Calculate the highest common divisor of h and z.
21
Let v be 604/6 + 6/(-9). What is the greatest common factor of 10 and v?
10
Let p(v) = -2*v - 3. Suppose -6 = -2*c - 0*c. Let f be p(c). Let t = f - -15. What is the greatest common factor of t and 4?
2
Let n be (2/2)/((-4)/(-204)). Let x be 98/6 + (-2)/(-3). Calculate the greatest common factor of x and n.
17
Let f be (-16)/(-3)*(-9)/(-6). What is the greatest common factor of f and 20?
4
Let a(b) = -b + 10. Let d be a(9). Let r(t) = 12*t**3 + 2*t**2 - 1. Let y be r(d). Calculate the highest common factor of y and 117.
13
Suppose 3*m + 292 = 7*m. Suppose 0 = -4*w - 5*x + 3*x + 342, w = -3*x + m. What is the highest common divisor of w and 11?
11
Suppose 2*d - 25 = -3*m + 44, -3*m + 102 = 3*d. What is the highest common factor of 11 and d?
11
Suppose b - 30 = 5*o, 35 = 2*b + 2*o - 7*o. Suppose -3*z + 8*z - 345 = -b*g, 0 = -5*g + 25. What is the highest common factor of 8 and z?
8
Let c be 3/9 - 4/(-6). Calculate the greatest common factor of c and 2.
1
Let m be -348*(3 - (3 - -1)). Suppose 2*x = 4*n - m, -n + 42 = -2*x - 51. What is the greatest common factor of n and 34?
17
Let b be (-7 - 13)*3/(-5). Calculate the highest common factor of b and 12.
12
Suppose 4*n = 2*y - 36, -4*n - 4 = -3*n. Let p(a) = a - 16 + 10*a - a**2 + y. Let j be p(8). Calculate the highest common factor of 198 and j.
18
Suppose -530 = 5*w - 1405. Let r be (w/4)/5*8. What is the greatest common divisor of 28 and r?
14
Suppose -z + 0*z - 33 = -4*o, 4*o - 30 = -2*z. Calculate the highest common factor of 32 and o.
8
Let o be 0/(0/(-1) - -2). Suppose 3*t + 4*v - 126 - 137 = o, 5*t - v = 423. Calculate the greatest common factor of t and 17.
17
Suppose 3*s + 2 = 4*m, -1 = -m + 4. Suppose 0 = s*i - i - 155. Calculate the highest common divisor of 93 and i.
31
Suppose -r + 24 = 2*r. Calculate the greatest common factor of 32 and r.
8
Let j be (-2)/5 + 62/5. Suppose -4*b - 28 = -2*p, -j = -p + 2*b - b. What is the highest common divisor of p and 80?
10
Let v = 2 + 0. Suppose 8 = 3*l + 2*m, v - 8 = 3*m. What is the highest common factor of l and 36?
4
Let m = -65 - -90. What is the greatest common divisor of m and 25?
25
Let i be 6/(-4)*(-10)/3. Suppose -5*w - i*y + 25 = 0, -13 = 2*w - 5*y - 2. Let o be (-28)/w*(-24)/7. What is the greatest common factor of o and 12?
12
Let b(m) = 2*m**2 - 23*m - 45. Let a be b(15). What is the greatest common factor of a and 45?
15
Suppose 2*p = d + 33, -28 = -3*p + 2*d + 22. What is the greatest common divisor of 24 and p?
8
Suppose 2*z - 4*c = 14, 2*z - 1 = -2*c + 1. Suppose 19 = 4*k + 5*j, -z*k = 4*j + 7 - 21. Let m = 145 + -79. Calculate the greatest common factor of k and m.
6
Suppose x - 6*x = -20. Let t be (-1)/x + 52/16. Suppose -25 - 11 = -t*f. Calculate the greatest common divisor of 84 and f.
12
Let t = 420 + -95. What is the highest common factor of t and 25?
25
Let u be 1 + 2 + 1/1. Suppose q + 99 = u*q. What is the greatest common factor of q and 11?
11
Let u = -52 + 73. Let k be u/(-3 + (-30)/(-9)). Let l = -1 - -10. Calculate the greatest common divisor of k and l.
9
Suppose 40 = 4*a + 4*k, 3*a + 1 = a